ive of d**3/3 + d**2/2 - d - 8. Give l(-1).
-1
Let y be 1/((-10)/4 + 2). Let r(p) be the second derivative of -p**4/4 + p**3/6 + p**2/2 + 2*p. Determine r(y).
-13
Let g(v) = -3 + 2*v + 2*v**2 - 5*v**2 + 2*v**2 + 2*v**2. Let o(r) = -r**3 - 7*r**2 - 5*r + 8. Let n be o(-6). Let f be g(n). Let c(y) = y - 5. Calculate c(f).
0
Let p(c) = -5*c. Suppose 2*b = -3*a - 4 - 8, -2*b - 4*a - 16 = 0. Let h = 6 + b. Suppose -5*d = -r - 19, 3*d - h = 2*r + 4. Give p(r).
-5
Let p(u) = 7*u**2 - 17*u + 4. Let o(n) = -3*n**2 + 9*n - 2. Let q(d) = 5*o(d) + 2*p(d). Give q(9).
16
Let c be -5*(1 - (0 - 0)). Let r(w) be the first derivative of w**2/2 + 6*w - 71. Calculate r(c).
1
Let r(t) = -6 - 5 + t + t - 1. What is r(8)?
4
Let w(a) be the third derivative of -a**5/60 + a**4/24 + 5*a**3/6 - a**2. Suppose 0*p - 2*p = k, 5*k - 28 = 4*p. Give w(k).
-7
Suppose m = -3*c - 34, -3*m + 38 = -5*c - 0*m. Let y be (-4)/c - 6/(-10). Let l(j) be the first derivative of -j**2 + 1. Give l(y).
-2
Let z(u) = -u**3 - u**2 - u - 8. Let g be (-1 - (2 + -3))/(-1 + -2). What is z(g)?
-8
Let c(y) = 7*y**2 + 3*y - 4. Let r be c(1). Let g(s) = s**2 - 5*s + 2. What is g(r)?
8
Let y(x) be the second derivative of x**4/12 - 2*x**3/3 + 5*x**2/2 - x. Suppose -3*k = -14 + 2. What is y(k)?
5
Let p(v) = 2*v**3 + 4*v**2 + 3*v + 5. Let i = 0 - 3. Suppose -5*s + 6*s = -4. Let k(n) = -3*n**3 - 4*n**2 - 4*n - 5. Let c(j) = i*k(j) + s*p(j). Give c(4).
-5
Let b(y) = -2*y + 5. Let q(u) = u**3 + 7*u**2 + 8*u + 4. Let a be q(-6). Suppose -14 = -2*f - 2*p, -3*p + p + 26 = 3*f. Let r = a + f. Determine b(r).
-3
Let u(s) = -s**3 - 7*s**2 - 7*s - 3. Let c be u(-6). Suppose 0*m - 7 = m - c*j, 22 = -5*m + 2*j. Let b(w) = w**3 + 3*w**2 - 2*w + 5. What is b(m)?
-3
Suppose -3*r = 2*a - 2*r, -5*a = -3*r. Let f(n) be the second derivative of n**5/20 + n**4/12 - n**3/6 - 7*n**2/2 + 2*n. Determine f(a).
-7
Suppose 3*k = -0*k + 24. Suppose -u + k = 3*u. Suppose -u = 4*c - 14. Let g(l) = l - 5. Calculate g(c).
-2
Let w be 100/(-26) - 24/156 - 1. Let d(k) = k**2 + 11*k + 5. Calculate d(w).
-25
Let f(j) = 5*j**3 - j**2 + 1. Let u(t) = t**2 - 8*t - 12. Let z be u(10). Let g(d) = -14*d**3 + 3*d**2 - 3. Let q(w) = z*f(w) + 3*g(w). Give q(1).
-2
Let q(m) = -m**3 - 8*m**2 - 8*m - 4. Let a be q(-7). Let b(t) = 2*t**2 + 1 + 2 - t**2. Give b(a).
12
Let f(w) = w**3 + 7*w**2 + 2*w - 4. Let a be f(-6). Suppose -5 + a = -3*g. Let l(i) = -i + 2. Give l(g).
7
Let d(l) = -2 + 0*l**2 - 5*l + l**2 - 4. Let b be d(6). Let i(s) = b*s + 2*s - 3*s + 4. What is i(4)?
0
Let j be 2*(-3)/(-12)*-10. Let i(f) = 7*f**3 + 13*f**2 - 19*f - 10. Let n(a) = -4*a**3 - 7*a**2 + 10*a + 5. Let v(o) = 3*i(o) + 5*n(o). Calculate v(j).
5
Let a(i) = 2*i - i - 10 + 4 + 1. Determine a(5).
0
Let i(v) = 6*v**2 + v. Let n = -17 + 22. Suppose 2*f + 3*w + 2*w + 2 = 0, 5*f + n = w. Give i(f).
5
Let h(a) = -4*a - 4. Suppose -y + 9 = -4*y, 5*z + 3*y = -19. Let b be h(z). Let f(t) = -t**3 + 4*t**2 + 3*t - 5. What is f(b)?
7
Let x(k) = k + 6. Let a(u) = u**2 + 10*u + 10. Let v be a(-7). Calculate x(v).
-5
Let i(t) = -2*t - 2. Let w be (-3)/(4 + -3) + -1. Give i(w).
6
Let o = -3 - -7. Suppose 3*y + o = 5*y. Let u(c) = -2 - 1 + 0*c + y*c. Calculate u(5).
7
Suppose -4*h - 11 = -3*h + 2*b, 4*h = -5*b - 35. Suppose 1 = -w + 4. Let r(k) = 6 - 4 + k - w. Determine r(h).
-6
Let m(l) = -1 - 6*l**2 - l - 2*l + 14*l**2 - 7*l**2. Calculate m(3).
-1
Let o(c) = -c**2 - 5*c + 9. Suppose -4*u - 9 = -0*z + 3*z, 0 = 4*u - 12. What is o(z)?
-5
Let h(w) = -2*w. Let z be h(3). Let l(j) = 2*j + 9. Let k be l(z). Let f(g) = 3*g - 6. Let b(r) = -4*r + 5. Let v(p) = k*f(p) - 2*b(p). Calculate v(0).
8
Let c(x) be the second derivative of 0 + 2*x + 1/20*x**5 - 1/2*x**3 + 1/6*x**4 + 3/2*x**2. Calculate c(-3).
3
Let g = -5 - -1. Let l be 1/g + 9/4. Let m(t) = -l*t - 2*t - 2 + 2*t. What is m(-4)?
6
Let v = -10 + 5. Let t(j) be the first derivative of j**4/24 + 2*j**3/3 - 3*j**2/2 + 1. Let u(w) be the second derivative of t(w). Calculate u(v).
-1
Let f = 20 - 31. Let a = 15 + f. Let j(x) = -x**3 + 3*x**2 + 6*x - 3. Give j(a).
5
Suppose 3 - 12 = -3*r. Let x(c) be the second derivative of c**3/3 - c**2/2 + 12*c. Calculate x(r).
5
Let x(u) = -u**2 + 0*u**2 + u - 10 + 0*u. Determine x(0).
-10
Let g be (-3)/6 - (-5 + (-95)/(-10)). Let d(i) = -2 + 1 + 5*i**2 + 6 + i**3. Calculate d(g).
5
Let a(v) be the first derivative of -9*v**2/2 + v - 21. Calculate a(-1).
10
Let o(z) = z**3 + 5*z**2 - z - 1. Let m = -3 - -2. Let x be 1/m - (0 + 4). Determine o(x).
4
Let u(s) be the third derivative of 7*s**6/60 + s**5/60 + s**4/24 + 3*s**2. What is u(-1)?
-14
Let r = 5 - 7. Let l(t) = 5*t + 1. Determine l(r).
-9
Let y(o) be the first derivative of -o**4/4 - 3*o**3 - 11*o**2/2 - 10*o - 2. Determine y(-8).
14
Let r(x) = x**3 + 5*x**2 + x + 4. Let p = -6 - -6. Suppose p = 5*t + 27 - 2. Determine r(t).
-1
Let z(f) = -4*f**2 - 5*f - 5. Let t(i) = 3*i**2 + 5*i + 4. Let q(s) = 3*t(s) + 2*z(s). Let c be q(-3). Let d(u) = -u**2 - 5*u. Give d(c).
4
Let m(a) = a**2 + 3. Let s be m(0). Let y = s + -2. Let j(z) = -5*z**3 + 3*z**2 - 5*z - 7. Let o(v) = v**3 + v + 1. Let p(u) = y*j(u) + 6*o(u). Calculate p(-2).
1
Let b(p) = 3*p - 6. Let v be b(3). Let k(d) = 8*d**2 - v*d - d**2 + 8*d + 1 + d**3. Suppose -2*l = 5*q - 3, 0 = -4*l + 2*l + q - 15. Determine k(l).
7
Let x(s) = s**2 + 4*s - 4. Let t be -1*6/1 - -1. Let i be x(t). Let y(c) be the second derivative of c**5/4 + c**4/6 - c**3/3 + c**2/2 - 29*c. Give y(i).
6
Suppose -3*d = -5*t + 17, -5*d = 2*t + 2*t - 21. Let o(z) = 3*z**2 - 13. Let s(l) = 2*l**2 - 7. Let p(y) = -6*o(y) + 11*s(y). Determine p(d).
5
Let m(g) = g + 1. Let w be (-6)/4*10/15. Let v(f) = -4*f - 2. Let j(o) = w*v(o) - 3*m(o). Let h(z) = z**2 + 7*z - 3. Let l be h(-7). What is j(l)?
-4
Suppose -z + r + 11 = 5*r, z - 3*r + 3 = 0. Let n(u) = 7*u + 8*u**2 + 3*u**z + 5*u**3 - 2*u**3 - 1 - 5*u**3. Determine n(-7).
-1
Let r(p) be the first derivative of -p**2 + p + 1. Suppose -3*u + 39 = -0*u. Suppose -3*w = -3*n - 12, w - u = 4*n - 0*w. Give r(n).
7
Let z(v) be the second derivative of 1/6*v**3 - v - 1/2*v**2 + 0. Let n = -209 + 208. Calculate z(n).
-2
Let i(l) = l + 1. Suppose 6 = -3*b - 6. Let r = b - -14. Suppose -4*j = j - r. Determine i(j).
3
Let t(x) be the second derivative of x**6/360 - x**5/20 + x**4/4 - 5*x. Let a(l) be the third derivative of t(l). Determine a(6).
6
Let z(h) = 4*h**3 - 2*h**3 + h**3 - h. Suppose 3*o + 4 = 4*j, 5*o + 4*j - 3 - 1 = 0. Suppose -2 + o = 2*q. Determine z(q).
-2
Let s(l) = 6*l + 1. Let z be s(-1). Let t(i) = -4*i + 5. Let j(p) = -3*p + 6. Let g(w) = -5*j(w) + 4*t(w). Give g(z).
-5
Let j be (-12)/(-15) - (-192)/(-40). Let r(o) = o**3 + 3*o**2 - 4*o + 4. Calculate r(j).
4
Let b(f) = -7*f + 3. Let j(g) = -10*g + 4. Let z(w) = -7*b(w) + 5*j(w). Let t(c) = 4*c + 4. Let r(d) = t(d) + 3*z(d). Give r(5).
6
Let w(q) = q**2 + q + 14. Suppose 3*o + 0*o = 0. Give w(o).
14
Let s = 10 + -9. Let u(t) = s + t - 3*t + t**2 + t - t. What is u(1)?
0
Let y = -3 - -7. Let w be (-1 + y)/(-6)*0. Let l(c) = 4*c**3 + c + c**2 + 0 - 1 + w*c**2. Determine l(1).
5
Let k(v) = -v + 4. Let m be k(2). Let r(y) = y**m + 0*y - 5 - 2*y + 3*y. Determine r(0).
-5
Let a(k) = -2*k**2 - 1. Suppose -2*z + 4*x - 1 = 15, -2*x = z - 12. Suppose z*t - 3*t + 1 = 0. What is a(t)?
-3
Let f(a) = -a**3 + 10*a**2 - 9*a + 2. Let q be f(9). Let u(k) = 0*k**3 - q*k**3 + 7*k**3 - 3*k**3. Give u(-1).
-2
Let r(l) be the third derivative of l**4/24 - 2*l**3 + 19*l**2. Give r(9).
-3
Let n be 1*(21/(-3) + 2). Let o(p) = -p**2 - 5*p + 3. Let y be o(n). Let c(g) = 4*g**2 - y*g - 2*g**2 - g**2 - 3. Determine c(5).
7
Let g be (4/(-6))/((-2)/(-3)). Let k be 0*g/(3 + -2). Let z(s) = -s + 1 - 4*s + 4*s. Determine z(k).
1
Let w(a) = 6*a**2 + a - 4. Let r(c) = -14*c**2 + 3*c + 5. Let n(g) = 21*g**2 - 4*g - 8. Let o(k) = -5*n(k) - 7*r(k). Let h(x) = -5*o(x) - 6*w(x). What is h(-2)?
-3
Let g(x) = -2*x**3 + 7*x**2 + 8*x - 5. Let d(h) = h**3 + h**2 + h - 1. Let q(o) = 6*d(o) - g(o). Determine q(-1).
-8
Let u(t) = t - 2. Let k be 12/(-54) + (-10)/9*-2. Give u(k).
0
Suppose 2*v - 3 = -3*h, -2*h = v + 4*v - 13. Let m(p) = -2 - v*p + 5*p - 3*p - 2*p. Give m(4).
-14
Let c be 1/(-3)*1*(-66)/88. Let g(a) be the first derivative of -2*a**3 - 2 + 2*a + 1/2*a**2 - c*